 factors of 275778?
2, 3, 5107
List the prime factors of 368724157.
368724157
What are the prime factors of 184063259?
127, 199, 7283
List the prime factors of 429258291.
3, 7, 11, 1858261
What are the prime factors of 200422410?
2, 3, 5, 59, 113233
What are the prime factors of 182457129?
3, 60819043
List the prime factors of 3445283085.
3, 5, 29, 1433, 5527
List the prime factors of 1934761485.
3, 5, 6217, 20747
List the prime factors of 730448407.
13, 19, 617, 4793
List the prime factors of 117339042.
2, 3, 103, 181, 1049
What are the prime factors of 298954444?
2, 127, 588493
What are the prime factors of 183487815?
3, 5, 7, 194167
What are the prime factors of 173511660?
2, 3, 5, 7, 97, 4259
What are the prime factors of 4285028422?
2, 2142514211
List the prime factors of 785071573.
11, 13, 5490011
List the prime factors of 33625917.
3, 13, 31, 73, 127
List the prime factors of 28626331.
19, 1506649
List the prime factors of 78615652.
2, 19653913
List the prime factors of 612189557.
7, 19, 1091, 4219
List the prime factors of 855882752.
2, 835823
List the prime factors of 143084329.
67, 113, 18899
List the prime factors of 68931944.
2, 8616493
List the prime factors of 1251602.
2, 11, 56891
What are the prime factors of 113091584?
2, 110441
List the prime factors of 255693996.
2, 3, 43, 18353
What are the prime factors of 148204237?
19, 79, 98737
What are the prime factors of 49165799?
49165799
What are the prime factors of 1505184875?
5, 12041479
List the prime factors of 1856239265.
5, 17, 23, 43, 71, 311
What are the prime factors of 82355144?
2, 10294393
List the prime factors of 820619426.
2, 11, 73, 523, 977
What are the prime factors of 139716078?
2, 3, 2467, 9439
What are the prime factors of 3485560989?
3, 1161853663
What are the prime factors of 549644551?
549644551
List the prime factors of 298530499.
83, 383, 9391
What are the prime factors of 3518952024?
2, 3, 7, 67, 199, 1571
What are the prime factors of 32271450?
2, 3, 5, 215143
List the prime factors of 212816858.
2, 106408429
What are the prime factors of 72997079?
4679, 15601
What are the prime factors of 251816986?
2, 487, 258539
List the prime factors of 2436905.
5, 487381
What are the prime factors of 932911141?
53, 17602097
What are the prime factors of 1776842880?
2, 3, 5, 149, 6211
List the prime factors of 3543647320.
2, 5, 88591183
List the prime factors of 48720272.
2, 3045017
What are the prime factors of 24898195?
5, 7, 89, 7993
List the prime factors of 3565180250.
2, 5, 29, 617, 797
What are the prime factors of 854286524?
2, 7, 13, 29, 80929
What are the prime factors of 491122303?
7, 70160329
What are the prime factors of 4842165349?
7, 347, 284783
What are the prime factors of 6805567177?
17, 1291, 310091
What are the prime factors of 346014343?
31, 37, 301669
What are the prime factors of 2706752055?
3, 5, 7, 25778591
List the prime factors of 2488228552.
2, 61, 173, 29473
What are the prime factors of 5856544764?
2, 3, 7, 23240257
What are the prime factors of 242286692?
2, 23, 47, 137, 409
What are the prime factors of 54047448?
2, 3, 7, 13, 73, 113
What are the prime factors of 8255342?
2, 79, 52249
List the prime factors of 168134410.
2, 5, 587, 28643
List the prime factors of 5515402.
2, 41, 67261
What are the prime factors of 405498730?
2, 5, 7, 13, 191, 2333
What are the prime factors of 45200893?
45200893
What are the prime factors of 521079347?
20921, 24907
What are the prime factors of 1300149978?
2, 3, 43, 1667, 3023
What are the prime factors of 909191835?
3, 5, 2999, 6737
What are the prime factors of 2254463813?
7, 43, 7489913
What are the prime factors of 47554753?
167, 284759
List the prime factors of 556601275.
5, 73, 113, 2699
What are the prime factors of 203563363?
23, 1013, 8737
List the prime factors of 6180240747.
3, 43, 47908843
What are the prime factors of 867664016?
2, 54229001
What are the prime factors of 39518493?
3, 7, 47, 40039
What are the prime factors of 1120932348?
2, 3, 31, 3013259
List the prime factors of 50548179.
3, 11, 37, 41399
List the prime factors of 48225066.
2, 3, 23, 59, 5923
List the prime factors of 2620402.
2, 1049, 1249
What are the prime factors of 687085893?
3, 13, 29, 37, 421
What are the prime factors of 1340093728?
2, 41877929
What are the prime factors of 5602127285?
5, 1120425457
List the prime factors of 1391343905.
5, 7, 43, 751, 1231
What are the prime factors of 6721455219?
3, 19, 3643, 32369
List the prime factors of 150893215.
5, 11, 37, 74149
List the prime factors of 99826350.
2, 3, 5, 13, 51193
What are the prime factors of 41428515?
3, 5, 2761901
List the prime factors of 6157549090.
2, 5, 7, 11, 17, 103, 4567
List the prime factors of 5882847021.
3, 8069749
What are the prime factors of 11551166?
2, 11, 109, 4817
What are the prime factors of 21280251?
3, 157, 45181
What are the prime factors of 36969719?
36969719
List the prime factors of 1586232817.
13, 9385993
List the prime factors of 106786694.
2, 7, 101, 75521
What are the prime factors of 219084058?
2, 359, 305131
List the prime factors of 59613421.
7, 263, 32381
What are the prime factors of 1639363060?
2, 5, 81968153
List the prime factors of 2608598727.
3, 7, 1699, 24371
List the prime factors of 11158621.
11158621
What are the prime factors of 85706499?
3, 28568833
List the prime factors of 60084659.
47, 1278397
List the prime factors of 21683490.
2, 3, 5, 722783
What are the prime factors of 1600507441?
13, 123115957
What are the prime factors of 649349425?
5, 17, 821, 1861
What are the prime factors of 70062275?
5, 37, 75743
List the prime factors of 14144170.
2, 5, 17, 19, 29, 151
List the prime factors of 6117979930.
2, 5, 611797993
List the prime factors of 367563572.
2, 91890893
List the prime factors of 21742299.
3, 197, 12263
What are the prime factors of 44985342?
2, 3, 7497557
What are the prime factors of 26052554?
2, 11, 1184207
What are the prime factors of 470442769?
470442769
List the prime factors of 97665199.
23, 109, 163, 239
What are the prime factors of 5110137?
3, 567793
List the prime factors of 50946661.
50946661
List the prime factors of 22936384.
2, 41, 8741
List the prime factors of 42011994.
2, 3, 7001999
What are the prime factors of 5314337041?
13, 408795157
List the prime factors of 59548623.
3, 71, 279571
List the prime factors of 36424587.
3, 1249, 9721
What are the prime factors of 1189538882?
2, 7, 31, 569, 4817
List the prime factors of 1968971123.
7, 277, 541, 1877
List the prime factors of 1506858809.
131, 11502739
List the prime factors of 921111503.
13, 70854731
What are the prime factors of 64105133?
47, 83, 16433
What are the prime factors of 87880442?
2, 13, 3380017
What are the prime factors of 105120927?
3, 2879, 4057
List the prime factors of 289038676.
2, 857, 84317
List the prime factors of 975713209.
281, 3472289
List the prime factors of 38928831.
3, 47, 276091
List the prime factors of 1727492401.
41, 42133961
What are the prime factors of 30431742?
2, 3, 11, 167, 251
List the prime factors of 62804776.
2, 823, 9539
What are the prime factors of 3847385659?
13, 29, 137, 163, 457
List the prime factors of 311081922.
2, 3, 167, 239, 433
List the prime factors of 2045788361.
59, 2917, 11887
List the prime factors of 115464007.
19, 47, 239, 541
What are the prime factors of 50905184?
2, 11, 13147
What are the prime factors of 1933084177?
1933084177
List the prime factors of 3506480291.
251, 13970041
What are the prime factors of 258160091?
7, 911, 40483
List the prime factors of 4848300479.
11, 23, 523, 3331
What are the prime factors of 83012240?
2, 5, 1037653
What are the prime factors of 1916759253?
3, 638919751
What are the prime factors of 21959640?
2, 3, 5, 20333
List the prime factors of 2229412270.
2, 5, 67, 617, 5393
List the prime factors of 3277598324.
2, 7, 11, 13, 818581
List the prime factors of 1684980752.
2, 7, 13, 89, 13003
List the prime factors of 50963114.
2, 25481557
List the prime factors of 6428750.
2, 5, 37, 139
List the prime factors of 79861522.
2, 13, 19, 41, 3943
List the prime factors of 3659185003.
3659185003
List the prime factors of 575709209.
137, 4202257
List the prime factors of 68598504.
2, 3, 13, 83, 883
List the prime factors of 411240